{"id":19,"date":"2018-04-14T09:33:20","date_gmt":"2018-04-14T09:33:20","guid":{"rendered":"http:\/\/website.mueller-automatenbetriebe.de\/?page_id=19"},"modified":"2019-03-16T13:57:54","modified_gmt":"2019-03-16T13:57:54","slug":"ueber-uns","status":"publish","type":"page","link":"http:\/\/website.mueller-automatenbetriebe.de\/?page_id=19","title":{"rendered":"\u00dcber uns"},"content":{"rendered":"<h3>Individuell &#8211; Schnell &#8211; Zuverl\u00e4ssig<\/h3>\n<p>Diese Schlagworte sind die Grundlagen f\u00fcr unsere Kundenzufriedenheit. Jahrelange Treue und stets guter pers\u00f6nlicher Kontakt sind das Ergebnis unseres Engagements.<\/p>\n<p>Wir blicken zur\u00fcck auf \u00fcber 20 Jahre Berufserfahrung in der Branche von Vendingprodukte und Gastronomiebedarf.<\/p>\n<p>Know-How kommt nicht von alleine, so halten wir Kontakt mit unseren Lieferanten und Herstellern, informieren uns \u00fcber Marktneuheiten und Trends.<\/p>\n<p>Unsere Mitarbeiter genie\u00dfen stetige Weiterbildungen bei regionalen und \u00fcberregionalen Schulungen, sind Up-To-Date bei Technik, Software und Service.<\/p>\n<h3>Ihre W\u00fcnsche und Zufriedenheit sind unsere Passion<\/h3>\n","protected":false},"excerpt":{"rendered":"<p>Individuell &#8211; Schnell &#8211; Zuverl\u00e4ssig Diese Schlagworte sind die Grundlagen f\u00fcr unsere Kundenzufriedenheit. Jahrelange Treue und stets guter pers\u00f6nlicher Kontakt sind das Ergebnis unseres Engagements. Wir blicken zur\u00fcck auf \u00fcber 20 Jahre Berufserfahrung in der Branche von Vendingprodukte und Gastronomiebedarf. Know-How kommt nicht von alleine, so halten wir Kontakt mit unseren Lieferanten und Herstellern, informieren &hellip; <\/p>\n<p class=\"link-more\"><a href=\"http:\/\/website.mueller-automatenbetriebe.de\/?page_id=19\" class=\"more-link\"><span class=\"screen-reader-text\">\u201e\u00dcber uns\u201c<\/span> weiterlesen<\/a><\/p>\n","protected":false},"author":1,"featured_media":0,"parent":0,"menu_order":0,"comment_status":"closed","ping_status":"closed","template":"","meta":[],"_links":{"self":[{"href":"http:\/\/website.mueller-automatenbetriebe.de\/index.php?rest_route=\/wp\/v2\/pages\/19"}],"collection":[{"href":"http:\/\/website.mueller-automatenbetriebe.de\/index.php?rest_route=\/wp\/v2\/pages"}],"about":[{"href":"http:\/\/website.mueller-automatenbetriebe.de\/index.php?rest_route=\/wp\/v2\/types\/page"}],"author":[{"embeddable":true,"href":"http:\/\/website.mueller-automatenbetriebe.de\/index.php?rest_route=\/wp\/v2\/users\/1"}],"replies":[{"embeddable":true,"href":"http:\/\/website.mueller-automatenbetriebe.de\/index.php?rest_route=%2Fwp%2Fv2%2Fcomments&post=19"}],"version-history":[{"count":8,"href":"http:\/\/website.mueller-automatenbetriebe.de\/index.php?rest_route=\/wp\/v2\/pages\/19\/revisions"}],"predecessor-version":[{"id":164,"href":"http:\/\/website.mueller-automatenbetriebe.de\/index.php?rest_route=\/wp\/v2\/pages\/19\/revisions\/164"}],"wp:attachment":[{"href":"http:\/\/website.mueller-automatenbetriebe.de\/index.php?rest_route=%2Fwp%2Fv2%2Fmedia&parent=19"}],"curies":[{"name":"wp","href":"https:\/\/api.w.org\/{rel}","templated":true}]}}