{"id":15,"date":"2018-04-14T09:23:49","date_gmt":"2018-04-14T09:23:49","guid":{"rendered":"http:\/\/website.mueller-automatenbetriebe.de\/?page_id=15"},"modified":"2023-02-22T18:42:21","modified_gmt":"2023-02-22T18:42:21","slug":"impressum","status":"publish","type":"page","link":"http:\/\/website.mueller-automatenbetriebe.de\/?page_id=15","title":{"rendered":"Impressum"},"content":{"rendered":"<p>M\u00fcller-Automatenbetriebe e.K.<br \/>\nFirmeninhaber: Marion Annies-M\u00fcller<br \/>\nHoltweg 63<br \/>\n41379 Br\u00fcggen-Bracht<\/p>\n<p>Telefon: 02157\/8229966<br \/>\nFax: 02157\/8229967<\/p>\n<p>EMail: info@amenta-cafe.de<\/p>\n<p>Registergericht: Amtsgericht Krefeld<br \/>\nRegisternummer: HRA 6783<\/p>\n<p>Umsatzsteuer-Identifikationsnummer gem. \u00a7 27a UStG:<br \/>\nDE 298214523<br \/>\n<span style=\"font-size: 1rem;\">Inhaltlich Verantwortlicher gem. \u00a7 55 II RStV: Marion Annies-M\u00fcller<\/span><\/p>\n<p><a href=\"http:\/\/website.mueller-automatenbetriebe.de\/wp-content\/uploads\/2019\/03\/agb_mab.pdf\">Allgemeine Gesch\u00e4ftsbedingungen<\/a><\/p>\n","protected":false},"excerpt":{"rendered":"<p>M\u00fcller-Automatenbetriebe e.K. Firmeninhaber: Marion Annies-M\u00fcller Holtweg 63 41379 Br\u00fcggen-Bracht Telefon: 02157\/8229966 Fax: 02157\/8229967 EMail: info@amenta-cafe.de Registergericht: Amtsgericht Krefeld Registernummer: HRA 6783 Umsatzsteuer-Identifikationsnummer gem. \u00a7 27a UStG: DE 298214523 Inhaltlich Verantwortlicher gem. \u00a7 55 II RStV: Marion Annies-M\u00fcller Allgemeine Gesch\u00e4ftsbedingungen<\/p>\n","protected":false},"author":1,"featured_media":0,"parent":0,"menu_order":0,"comment_status":"closed","ping_status":"closed","template":"","meta":[],"_links":{"self":[{"href":"http:\/\/website.mueller-automatenbetriebe.de\/index.php?rest_route=\/wp\/v2\/pages\/15"}],"collection":[{"href":"http:\/\/website.mueller-automatenbetriebe.de\/index.php?rest_route=\/wp\/v2\/pages"}],"about":[{"href":"http:\/\/website.mueller-automatenbetriebe.de\/index.php?rest_route=\/wp\/v2\/types\/page"}],"author":[{"embeddable":true,"href":"http:\/\/website.mueller-automatenbetriebe.de\/index.php?rest_route=\/wp\/v2\/users\/1"}],"replies":[{"embeddable":true,"href":"http:\/\/website.mueller-automatenbetriebe.de\/index.php?rest_route=%2Fwp%2Fv2%2Fcomments&post=15"}],"version-history":[{"count":8,"href":"http:\/\/website.mueller-automatenbetriebe.de\/index.php?rest_route=\/wp\/v2\/pages\/15\/revisions"}],"predecessor-version":[{"id":215,"href":"http:\/\/website.mueller-automatenbetriebe.de\/index.php?rest_route=\/wp\/v2\/pages\/15\/revisions\/215"}],"wp:attachment":[{"href":"http:\/\/website.mueller-automatenbetriebe.de\/index.php?rest_route=%2Fwp%2Fv2%2Fmedia&parent=15"}],"curies":[{"name":"wp","href":"https:\/\/api.w.org\/{rel}","templated":true}]}}